{"id":2,"date":"2021-11-22T12:47:08","date_gmt":"2021-11-22T12:47:08","guid":{"rendered":"https:\/\/kreisjugendbuendnis-limburg-weilburg.de\/?page_id=2"},"modified":"2022-08-16T13:48:51","modified_gmt":"2022-08-16T13:48:51","slug":"sample-page","status":"publish","type":"page","link":"https:\/\/kreisjugendbuendnis-limburg-weilburg.de\/?page_id=2","title":{"rendered":"Verleih"},"content":{"rendered":"\n<p>Gerne k\u00f6nnt ihr f\u00fcr eure Veranstaltungen unsere mobile Soccer-Arena ausleihen. Zur Kontaktaufnahme k\u00f6nnt ihr unsere Seite direkt nutzen oder uns eine Mail an info@kreisjugendbuendnis-limburg-weilburg.de senden.<\/p>\n\n\n\n<p>Soccer-Arena:<br>18&#215;10 Meter<br>incl. Seitennetze<br>14 \u00dcberschubgewichte<br>Zubeh\u00f6r<br>Visitenkartenhalter<\/p>\n\n\n\n<figure class=\"wp-block-image size-large is-style-default\"><img loading=\"lazy\" decoding=\"async\" width=\"1024\" height=\"768\" src=\"https:\/\/kreisjugendbuendnis-limburg-weilburg.de\/wp-content\/uploads\/2022\/08\/anhaenger-1024x768.jpg\" alt=\"\" class=\"wp-image-90\" srcset=\"https:\/\/kreisjugendbuendnis-limburg-weilburg.de\/wp-content\/uploads\/2022\/08\/anhaenger-1024x768.jpg 1024w, https:\/\/kreisjugendbuendnis-limburg-weilburg.de\/wp-content\/uploads\/2022\/08\/anhaenger-300x225.jpg 300w, https:\/\/kreisjugendbuendnis-limburg-weilburg.de\/wp-content\/uploads\/2022\/08\/anhaenger-768x576.jpg 768w, https:\/\/kreisjugendbuendnis-limburg-weilburg.de\/wp-content\/uploads\/2022\/08\/anhaenger-1536x1152.jpg 1536w, https:\/\/kreisjugendbuendnis-limburg-weilburg.de\/wp-content\/uploads\/2022\/08\/anhaenger-2048x1536.jpg 2048w\" sizes=\"auto, (max-width: 1024px) 100vw, 1024px\" \/><\/figure>\n\n\n\n<figure class=\"wp-block-image size-large\"><img loading=\"lazy\" decoding=\"async\" width=\"1024\" height=\"701\" src=\"https:\/\/kreisjugendbuendnis-limburg-weilburg.de\/wp-content\/uploads\/2022\/08\/soccer-arena-1024x701.jpg\" alt=\"\" class=\"wp-image-91\" srcset=\"https:\/\/kreisjugendbuendnis-limburg-weilburg.de\/wp-content\/uploads\/2022\/08\/soccer-arena-1024x701.jpg 1024w, https:\/\/kreisjugendbuendnis-limburg-weilburg.de\/wp-content\/uploads\/2022\/08\/soccer-arena-300x205.jpg 300w, https:\/\/kreisjugendbuendnis-limburg-weilburg.de\/wp-content\/uploads\/2022\/08\/soccer-arena-768x526.jpg 768w, https:\/\/kreisjugendbuendnis-limburg-weilburg.de\/wp-content\/uploads\/2022\/08\/soccer-arena-1536x1051.jpg 1536w, https:\/\/kreisjugendbuendnis-limburg-weilburg.de\/wp-content\/uploads\/2022\/08\/soccer-arena-2048x1402.jpg 2048w\" sizes=\"auto, (max-width: 1024px) 100vw, 1024px\" \/><\/figure>\n","protected":false},"excerpt":{"rendered":"<p>Gerne k\u00f6nnt ihr f\u00fcr eure Veranstaltungen unsere mobile Soccer-Arena ausleihen. Zur Kontaktaufnahme k\u00f6nnt ihr unsere Seite direkt nutzen oder uns eine Mail an info@kreisjugendbuendnis-limburg-weilburg.de senden. Soccer-Arena:18&#215;10 Meterincl. Seitennetze14 \u00dcberschubgewichteZubeh\u00f6rVisitenkartenhalter<\/p>\n","protected":false},"author":1,"featured_media":0,"parent":0,"menu_order":0,"comment_status":"closed","ping_status":"open","template":"fullwidth-page.php","meta":{"footnotes":""},"class_list":["post-2","page","type-page","status-publish","hentry"],"_links":{"self":[{"href":"https:\/\/kreisjugendbuendnis-limburg-weilburg.de\/index.php?rest_route=\/wp\/v2\/pages\/2","targetHints":{"allow":["GET"]}}],"collection":[{"href":"https:\/\/kreisjugendbuendnis-limburg-weilburg.de\/index.php?rest_route=\/wp\/v2\/pages"}],"about":[{"href":"https:\/\/kreisjugendbuendnis-limburg-weilburg.de\/index.php?rest_route=\/wp\/v2\/types\/page"}],"author":[{"embeddable":true,"href":"https:\/\/kreisjugendbuendnis-limburg-weilburg.de\/index.php?rest_route=\/wp\/v2\/users\/1"}],"replies":[{"embeddable":true,"href":"https:\/\/kreisjugendbuendnis-limburg-weilburg.de\/index.php?rest_route=%2Fwp%2Fv2%2Fcomments&post=2"}],"version-history":[{"count":2,"href":"https:\/\/kreisjugendbuendnis-limburg-weilburg.de\/index.php?rest_route=\/wp\/v2\/pages\/2\/revisions"}],"predecessor-version":[{"id":92,"href":"https:\/\/kreisjugendbuendnis-limburg-weilburg.de\/index.php?rest_route=\/wp\/v2\/pages\/2\/revisions\/92"}],"wp:attachment":[{"href":"https:\/\/kreisjugendbuendnis-limburg-weilburg.de\/index.php?rest_route=%2Fwp%2Fv2%2Fmedia&parent=2"}],"curies":[{"name":"wp","href":"https:\/\/api.w.org\/{rel}","templated":true}]}}